{"id":180,"date":"2022-05-02T20:39:29","date_gmt":"2022-05-02T20:39:29","guid":{"rendered":"https:\/\/cms.schule-und-freizeit.de\/?page_id=180"},"modified":"2024-04-07T10:01:55","modified_gmt":"2024-04-07T10:01:55","slug":"unser-vorstand-maerz-2022","status":"publish","type":"page","link":"https:\/\/cms.schule-und-freizeit.de\/index.php\/ueber-den-verein\/unser-vorstand-maerz-2022\/","title":{"rendered":"Unser Vorstand (M\u00e4rz 2022)"},"content":{"rendered":"<h1>Unser Vorstand (M\u00e4rz 2022)<\/h1>\n<h2>Verein Schule und Freizeit mit neuer Vorstandschaft<\/h2>\n<p>Adlkofen. In der Jahreshauptversammlung des Vereins \u201eSchule und Freizeit\u201c im M\u00e4rz 2022 fand ein Wechsel in der Vorstandschaft statt. Die erste Vorsitzende Claudia Kropp stellte sich nicht mehr zur Wahl, auch Evi Ganserer gab ihr Amt als Beisitzerin ab. Erfreulicherweise konnten neue Mitglieder f\u00fcr die Vorstandschaft gewonnen werden: Tessa-Isabelle Wittman als erste Vorsitzende, Benjamin Siegert als zweiter Vorsitzender und Petra Kraus als Kassier. Weiterhin die Aufgabe der Schriftf\u00fchrerin \u00fcbernimmt Christine Maier, zum Medienbeauftragter wurde Hans-J\u00fcrgen Withopf ernannt. Als Beisitzerinnen wurden Martina Haslbeck, Renate Zirngibl, Stefanie Brandstetter und Inge Kargl gew\u00e4hlt. Die neue Vorstandschaft bedankt sich bei den ausscheidenden Mitgliedern f\u00fcr ihr Engagement in den letzten, nicht einfachen Jahren und will den Verein weiterhin erfolgreich als wichtigen Bestandteil des Adlkofener Gemeindelebens erhalten.<\/p>\n<p>Eine der Hauptaufgaben des Vereins ist die Gestaltung eines abwechslungsreichen und spannenden Ferienprorgramms f\u00fcr Kinder im Alter von 6-12 Jahren. In der ersten Sitzung wurden bereits zahlreiche Unternehmungen beschlossen, die kreative, abenteuerlustige oder sportliche Stunden in den Sommerferien versprechen. Das finale Programm wird ab Juli verteilt bzw. auf der Homepage einsehbar sein und steht nicht nur Kindern aus Adlkofen offen.<\/p>\n<p><img loading=\"lazy\" decoding=\"async\" class=\"wp-image-187 aligncenter\" src=\"https:\/\/cms.schule-und-freizeit.de\/wp-content\/uploads\/2022\/05\/2022-neuer-Vorstand-300x189.jpg\" alt=\"\" width=\"760\" height=\"479\" srcset=\"https:\/\/cms.schule-und-freizeit.de\/wp-content\/uploads\/2022\/05\/2022-neuer-Vorstand-300x189.jpg 300w, https:\/\/cms.schule-und-freizeit.de\/wp-content\/uploads\/2022\/05\/2022-neuer-Vorstand-1024x645.jpg 1024w, https:\/\/cms.schule-und-freizeit.de\/wp-content\/uploads\/2022\/05\/2022-neuer-Vorstand-768x484.jpg 768w, https:\/\/cms.schule-und-freizeit.de\/wp-content\/uploads\/2022\/05\/2022-neuer-Vorstand.jpg 1365w\" sizes=\"auto, (max-width: 760px) 100vw, 760px\" \/><\/p>\n<p style=\"text-align: center;\">Auf dem Foto von links: Renate Zirngibl, Christine Maier, Hans-J\u00fcrgen Withopf, Martina Haslbeck,<br \/>\nStefanie Brandstetter, Tessa-Isabelle Wittmann, Benjamin Siegert, Petra Kraus, Inge Kargl<\/p>\n","protected":false},"excerpt":{"rendered":"<p>Unser Vorstand (M\u00e4rz 2022) Verein Schule und Freizeit mit neuer Vorstandschaft Adlkofen. In der Jahreshauptversammlung des Vereins \u201eSchule und Freizeit\u201c im M\u00e4rz 2022 fand ein Wechsel in der Vorstandschaft statt. Die erste Vorsitzende Claudia Kropp stellte sich nicht mehr zur Wahl, auch Evi Ganserer gab ihr Amt als Beisitzerin ab. Erfreulicherweise konnten neue Mitglieder f\u00fcr &hellip;<\/p>\n","protected":false},"author":2,"featured_media":187,"parent":18,"menu_order":0,"comment_status":"closed","ping_status":"closed","template":"","meta":{"footnotes":""},"class_list":["post-180","page","type-page","status-publish","has-post-thumbnail","hentry"],"_links":{"self":[{"href":"https:\/\/cms.schule-und-freizeit.de\/index.php\/wp-json\/wp\/v2\/pages\/180","targetHints":{"allow":["GET"]}}],"collection":[{"href":"https:\/\/cms.schule-und-freizeit.de\/index.php\/wp-json\/wp\/v2\/pages"}],"about":[{"href":"https:\/\/cms.schule-und-freizeit.de\/index.php\/wp-json\/wp\/v2\/types\/page"}],"author":[{"embeddable":true,"href":"https:\/\/cms.schule-und-freizeit.de\/index.php\/wp-json\/wp\/v2\/users\/2"}],"replies":[{"embeddable":true,"href":"https:\/\/cms.schule-und-freizeit.de\/index.php\/wp-json\/wp\/v2\/comments?post=180"}],"version-history":[{"count":13,"href":"https:\/\/cms.schule-und-freizeit.de\/index.php\/wp-json\/wp\/v2\/pages\/180\/revisions"}],"predecessor-version":[{"id":234,"href":"https:\/\/cms.schule-und-freizeit.de\/index.php\/wp-json\/wp\/v2\/pages\/180\/revisions\/234"}],"up":[{"embeddable":true,"href":"https:\/\/cms.schule-und-freizeit.de\/index.php\/wp-json\/wp\/v2\/pages\/18"}],"wp:featuredmedia":[{"embeddable":true,"href":"https:\/\/cms.schule-und-freizeit.de\/index.php\/wp-json\/wp\/v2\/media\/187"}],"wp:attachment":[{"href":"https:\/\/cms.schule-und-freizeit.de\/index.php\/wp-json\/wp\/v2\/media?parent=180"}],"curies":[{"name":"wp","href":"https:\/\/api.w.org\/{rel}","templated":true}]}}

Unser Vorstand (März 2022)

<h1>Unser Vorstand (März 2022)</h1>
<h2>Verein Schule und Freizeit mit neuer Vorstandschaft</h2>
<p>Adlkofen. In der Jahreshauptversammlung des Vereins „Schule und Freizeit“ im März 2022 fand ein Wechsel in der Vorstandschaft statt. Die erste Vorsitzende Claudia Kropp stellte sich nicht mehr zur Wahl, auch Evi Ganserer gab ihr Amt als Beisitzerin ab. Erfreulicherweise konnten neue Mitglieder für die Vorstandschaft gewonnen werden: Tessa-Isabelle Wittman als erste Vorsitzende, Benjamin Siegert als zweiter Vorsitzender und Petra Kraus als Kassier. Weiterhin die Aufgabe der Schriftführerin übernimmt Christine Maier, zum Medienbeauftragter wurde Hans-Jürgen Withopf ernannt. Als Beisitzerinnen wurden Martina Haslbeck, Renate Zirngibl, Stefanie Brandstetter und Inge Kargl gewählt. Die neue Vorstandschaft bedankt sich bei den ausscheidenden Mitgliedern für ihr Engagement in den letzten, nicht einfachen Jahren und will den Verein weiterhin erfolgreich als wichtigen Bestandteil des Adlkofener Gemeindelebens erhalten.</p>
<p>Eine der Hauptaufgaben des Vereins ist die Gestaltung eines abwechslungsreichen und spannenden Ferienprorgramms für Kinder im Alter von 6-12 Jahren. In der ersten Sitzung wurden bereits zahlreiche Unternehmungen beschlossen, die kreative, abenteuerlustige oder sportliche Stunden in den Sommerferien versprechen. Das finale Programm wird ab Juli verteilt bzw. auf der Homepage einsehbar sein und steht nicht nur Kindern aus Adlkofen offen.</p>
<p><img loading="lazy" decoding="async" class="wp-image-187 aligncenter" src="https://cms.schule-und-freizeit.de/wp-content/uploads/2022/05/2022-neuer-Vorstand-300x189.jpg" alt="" width="760" height="479" srcset="https://cms.schule-und-freizeit.de/wp-content/uploads/2022/05/2022-neuer-Vorstand-300x189.jpg 300w, https://cms.schule-und-freizeit.de/wp-content/uploads/2022/05/2022-neuer-Vorstand-1024x645.jpg 1024w, https://cms.schule-und-freizeit.de/wp-content/uploads/2022/05/2022-neuer-Vorstand-768x484.jpg 768w, https://cms.schule-und-freizeit.de/wp-content/uploads/2022/05/2022-neuer-Vorstand.jpg 1365w" sizes="auto, (max-width: 760px) 100vw, 760px" /></p>
<p style="text-align: center;">Auf dem Foto von links: Renate Zirngibl, Christine Maier, Hans-Jürgen Withopf, Martina Haslbeck,<br />
Stefanie Brandstetter, Tessa-Isabelle Wittmann, Benjamin Siegert, Petra Kraus, Inge Kargl</p>

<p>Unser Vorstand (März 2022) Verein Schule und Freizeit mit neuer Vorstandschaft Adlkofen. In der Jahreshauptversammlung des Vereins „Schule und Freizeit“ im März 2022 fand ein Wechsel in der Vorstandschaft statt. Die erste Vorsitzende Claudia Kropp stellte sich nicht mehr zur Wahl, auch Evi Ganserer gab ihr Amt als Beisitzerin ab. Erfreulicherweise konnten neue Mitglieder für &hellip;</p>
